. What is the tens digit of h?
9
Suppose -2*f + 3 = 9, 4*f - 36 = 4*t. Let z = -10 - t. What is the units digit of (-135)/(-12) + z/(-8)?
1
Let v be (-1)/(-1 + 266/267). Suppose -5*s = -4*t - v, -2*s + 213 = 2*s - 3*t. What is the units digit of s?
1
Let g(k) = -k**2 + 7*k. Let s be g(6). Suppose -4*l + 22 = 10. What is the units digit of l/(-2)*-2 + s?
9
What is the hundreds digit of ((-357)/14)/(5 - (-5515)/(-1100))?
8
Let k(s) = 7*s**3 + 7*s**2 + 9. Let m(a) = -63*a**3 - 26 - 4*a**2 + 43*a**3 - 17*a**2. Let j(u) = -17*k(u) - 6*m(u). What is the tens digit of j(-3)?
3
Let t(f) = f**2 + f - 24. Let b be t(-10). Suppose -p - 2 = 0, 5*p - b - 72 = -2*k. What is the units digit of k?
4
Suppose 4*x + 8 = -0*x. Let g be (-2)/3 + x/(-3). Suppose g = 3*t + 5*y - 56, -t + 3*t - 4*y - 30 = 0. What is the tens digit of t?
1
Let p = -2548 + 5530. What is the hundreds digit of p?
9
Let a(g) = 11*g. Let x(f) = -22*f - 1. Let j(m) = -13*a(m) - 6*x(m). Let d be j(4). Let k = 59 + d. What is the tens digit of k?
2
Let p = -229 - -415. What is the units digit of p?
6
Suppose -32*c = -22*c - 18110. What is the hundreds digit of c?
8
Let w(u) = 58*u**2 - 4*u + 3. Let f be w(1). Let d = 7 - 4. Suppose 2*z - 3*k - 33 = -2*k, f = d*z + k. What is the units digit of z?
8
Suppose q + 4 = 2*q + 2*v, 3*q = -5*v + 10. Suppose q = -5*m + 2*m - 18. Let a = 8 - m. What is the tens digit of a?
1
What is the tens digit of 3/24 + 0 + (-638)/(-16)?
4
Suppose 0 = 3*a - c - 2849, -5*a + 13*c - 11*c + 4747 = 0. What is the units digit of a?
1
Let y be (-4)/6 + (-80)/(-12) + 47. Let n be 0 + (-1 + -16 - 0). Let c = n + y. What is the units digit of c?
6
What is the hundreds digit of ((-44)/11 - -7)*376/6?
1
Let u be (1/(-3))/((-1)/(-3)). Let x(z) = -7*z + 1. Let f be x(u). Let t(n) = 2*n**2 - 14*n + 18. What is the tens digit of t(f)?
3
Suppose -2*s = -5*k + 41, 0 = 5*k - s + 1 - 39. Let x(w) = -101*w + 1. Let g be x(-1). Suppose -k*r = -4*r - g. What is the tens digit of r?
3
What is the units digit of 3483/(-54)*96/(-9)?
8
Let c be ((-98)/(-4))/(-7)*-10. Let g be (-1)/4 + 125/20. Let o = c - g. What is the tens digit of o?
2
Suppose 4*n + 1 - 9 = 0. Suppose 3 = -4*z + 5*f, -3*z - 6 = z - n*f. What is the tens digit of (-2222)/(-77) + z/(-14)?
2
Let t = -131 + 72. Let f be 1/2*(t - -5). Let a = f + 38. What is the tens digit of a?
1
Let d(c) = -c**2 + 6*c + 2. Let a(k) = k + 12. Let l be a(-6). What is the units digit of d(l)?
2
What is the hundreds digit of 6*(-5 - -1*92)?
5
Let s be (5 - 0)/10*-4. What is the tens digit of 1/((-139)/(-69) + s)?
6
What is the units digit of 4417 - -1 - (-5 + 4)*5?
3
Let g(t) be the third derivative of -5/24*t**4 + t**2 + 1/60*t**5 + 4/3*t**3 + 0 + 0*t. What is the units digit of g(7)?
2
Suppose -n - 19 = -3*f, -5*f + 0 = -2*n - 32. Suppose f*m - 10*m + 108 = 0. What is the tens digit of m?
2
Let x(q) = 0*q - 27*q**2 + 30*q**2 - 5 - q. What is the units digit of x(5)?
5
Let x = 273 + -60. Suppose 0 = 5*c + j - 471, -4*j - 65 - x = -3*c. What is the tens digit of c?
9
What is the hundreds digit of (1575 - 3) + (-3 + 7 - 2)?
5
Let i(n) = -2*n**2 - 2*n + 5. Let j be i(0). Suppose -j*b + 407 = 3*k, 3*k - 2*b + 6*b - 403 = 0. What is the units digit of k?
9
Let u = -13 + 21. Suppose 4*j + u = 6*j. Suppose -12 = -0*k - j*k. What is the units digit of k?
3
Let h(f) = 5*f**2 - 10*f - 5. Let z be h(-7). Suppose 2*y = 2, -3*y + z = 4*b + 23. What is the units digit of b?
1
Suppose 3*n + 2*o = -0*o + 7, o = 2*n. Suppose n = b - 0*b, -2*p = -b - 399. What is the hundreds digit of p?
2
Let l = 1579 + -862. What is the hundreds digit of (7 + 161/(-21))/((-2)/l)?
2
Suppose -2*u + 29*u = 22437. What is the units digit of u?
1
Suppose -3*i = -4*i + 128. Suppose 4*u = -r + 37, -4*r - r + i = u. Let t = r - 12. What is the tens digit of t?
1
Let p(j) = 4*j**2 - j**3 - 3*j**3 + 3*j**3 + 10 + 9*j. What is the units digit of p(5)?
0
Let q = -9 - -44. What is the tens digit of 5/q + 3/(-21) - -26?
2
Let a = -2352 - -5395. What is the thousands digit of a?
3
Let m be (-8 + 6)*(-21)/2. What is the tens digit of (-14)/m - 184/(-6)?
3
Let m(z) = z**2 - 16*z + 53. Let s be m(12). What is the tens digit of (s + (-22)/(-5))*25?
3
Let j(g) = -818*g - 151. What is the tens digit of j(-7)?
7
What is the tens digit of 204*16/(-144)*(-24)/1?
4
Let h = 2199 + -489. What is the hundreds digit of h?
7
Suppose -131*z + 14994 = -110*z. What is the hundreds digit of z?
7
Suppose -61 = -4*m + 151. Let j = 129 - m. What is the units digit of j?
6
Suppose 0*r = 13*r - 29562. What is the hundreds digit of r?
2
Suppose -5*c = -10*c + 5. Suppose 4*v - 2*t = -8, v = -0*v - t + c. What is the tens digit of 1*v/(-2)*42?
2
Let p be 5/20 + 0 - 261/(-12). What is the units digit of p*(-6)/(-8)*10?
5
Let l be 1 - 2/2 - 3. Suppose 0 = -3*q + 37 + 41. Let w = l + q. What is the tens digit of w?
2
Let c be ((-3)/(-2))/(33/(-44)). What is the tens digit of (-3 + 1)*(c + 310/(-4))?
5
Let o be (1 + 5)*2/4. Suppose 209 = 4*r - 5*l, r = o*r - 2*l - 106. What is the tens digit of r?
5
Let a = -32 + 34. Let w be 10662/a + -4 + 1. What is the units digit of (-6)/10 - w/(-80)?
6
Let p(g) = -g**3 + 2*g**2 + 2*g + 3. What is the units digit of p(-4)?
1
What is the units digit of ((-54)/13 - 2/(-13)) + 515?
1
Let a(d) = -5*d + 9*d + 3*d + 29. What is the tens digit of a(5)?
6
Let g(l) = -2 - 28*l**2 + 23*l**2 + 8*l**2. Suppose 0 = -3*k + 15, -2*w + k = 5 + 6. What is the units digit of g(w)?
5
Suppose 0 = -39*q + 16546 + 208835. What is the thousands digit of q?
5
Suppose -d + 7 = -j, 3*d - 16 - 15 = 5*j. Suppose 2*s + 2*s - 12 = 0. Suppose -d*b - s*b = -5. What is the units digit of b?
1
Let c be -3*(-3 - (-8)/18*6). What is the units digit of -71*(c + 0 + -3)?
2
Suppose -f - 4*f = 115. Let i = f - -86. What is the units digit of i?
3
Suppose -2*r - r + 40 = 5*s, 4*s + 4*r - 40 = 0. Suppose s*b + 506 = 1501. What is the tens digit of b?
9
Let s be 107/(-15) + (-4)/(-30). Let j be 12/s - (-4)/(-14). What is the units digit of j - ((-4)/4 + -7)?
6
Suppose 0 = g - 5*o - 1, 2 = 5*g + 3*o - 3. Let t be (42/(-3))/(-1)*g. Suppose -5*z - 2*x = -2 - 4, -t = -2*z + 5*x. What is the units digit of z?
2
Suppose 0 = -20*l + 21*l - 2. Suppose -70 = -l*a + 170. What is the tens digit of a?
2
Let m(z) = 2*z - 23. Let i = -50 - -62. What is the units digit of m(i)?
1
Let q(z) = 9*z**2 + z - 9. What is the hundreds digit of q(-6)?
3
Let p(j) = -3*j + 1. Let y be p(-2). Let l(z) = z**2 - 6*z + 5. Let v be l(y). Suppose b = -c + 16 + v, -76 = -3*b + c. What is the tens digit of b?
2
Let c be (-4 - -5)/((-5)/(-40)). Suppose -c*j = -13*j + 180. What is the units digit of j?
6
Let x = -34 + 36. Suppose 4*u + 2 = 14. Suppose -5*h = -3*t - x - 9, 0 = -u*h + 4*t + 11. What is the units digit of h?
1
Let a = 196 - -12. Let f = a - 106. What is the tens digit of f?
0
Suppose 0*g + 7*g = 280. Let h = g + 14. What is the tens digit of h?
5
Let s = -101 - -105. What is the units digit of ((-83)/s)/((30/(-24))/5)?
3
Let z = 948 - 579. What is the hundreds digit of z?
3
Suppose 5*n - 315 = p - 6*p, -n = -1. Suppose -l = w + 2*l - 65, -p = -w - 2*l. Suppose -3*k + w + 43 = 0. What is the tens digit of k?
3
Suppose -2*k - 5*r = -1064, -3*k + k + 1100 = -4*r. What is the units digit of k?
2
Suppose 6 = -3*l - 0, 4*z + 12 = -4*l. Let w(d) = -12*d**3 + 1 - 5*d**3 + 3*d**3 + 3*d**3. What is the tens digit of w(z)?
1
Let z(x) = -7*x**2 - 5. Let q(r) = 20*r**2 + 14. Suppose 0 = 5*u - 5*i - 95, -4*i + 19 - 78 = -3*u. Let y(o) = u*z(o) + 6*q(o). What is the tens digit of y(-6)?
3
Suppose 4*x - 12 = -4*h, -3*h - 4*x + 7*x - 15 = 0. Let j(r) = -2*r**2 - 15*r**3 + 8 - 4 - 4 - r. What is the units digit of j(h)?
4
Let k = 49 - 46. Suppose -t + 790 = 5*u, -k*t = 4*u + 2*t - 632. What is the units digit of u?
8
Let k = 206 + -119. What is the tens digit of k?
8
Suppose o - 22 = -0*o - 5*a, -5*o = -2*a + 25. Let u(m) = 6*m - 20. Let p(x) = x. Let v(g) = o*p(g) + u(g). What is the units digit of v(14)?
2
Let b be (-4)/((-12)/(-3)) - -6. What is the units digit of 196/3 - b/15?
5
Suppose -1233 = -4*u - 3*v, 29 = -u - 4*v + 321. What is the hundreds digit of u?
3
Let t(q) = q**3 + q**2 - q + 1. Let w(l) = 4*l**3 - 2*l**2 + 3*l + 6. Let d(x) = -5*t(x) + w(x). 